{"id":978,"date":"2025-02-05T08:09:40","date_gmt":"2025-02-05T08:09:40","guid":{"rendered":"http:\/\/reolons.ch\/?page_id=978"},"modified":"2025-05-23T12:33:14","modified_gmt":"2025-05-23T12:33:14","slug":"taschen","status":"publish","type":"page","link":"https:\/\/reolons.ch\/index.php\/taschen\/","title":{"rendered":"Taschen"},"content":{"rendered":"\n<p>Eine Tasche definiert unseren Stil, wie sonst kaum ein Accessoire. Sie ist unsere t\u00e4gliche Begleiterin und bewahrt unsere wertvollsten Dinge f\u00fcr uns auf. Und wir tragen sie. Eine handgemachte Tasche aus wertigem Material ist einzigartig, bleibt lange sch\u00f6n und macht einfach Freude!<\/p>\n\n\n\n<p>Ich n\u00e4he die Taschen alle selber in meiner Werkstatt in Hettlingen bei Winterthur. Ich verwende hochwertiges Rindsleder und ausschliesslich &#8222;Riri&#8220; Reisverschl\u00fcsse. <\/p>\n\n\n\n<p><strong>COCCI<\/strong>&#8211; 189.-<\/p>\n\n\n\n<div class=\"wp-block-columns is-layout-flex wp-container-core-columns-is-layout-28f84493 wp-block-columns-is-layout-flex\">\n<div class=\"wp-block-column is-layout-flow wp-block-column-is-layout-flow\">\n<figure data-wp-context=\"{&quot;imageId&quot;:&quot;69e7342dbb485&quot;}\" data-wp-interactive=\"core\/image\" class=\"wp-block-image size-large wp-lightbox-container\"><img loading=\"lazy\" decoding=\"async\" width=\"1024\" height=\"872\" data-wp-class--hide=\"state.isContentHidden\" data-wp-class--show=\"state.isContentVisible\" data-wp-init=\"callbacks.setButtonStyles\" data-wp-on-async--click=\"actions.showLightbox\" data-wp-on-async--load=\"callbacks.setButtonStyles\" data-wp-on-async-window--resize=\"callbacks.setButtonStyles\" src=\"http:\/\/reolons.ch\/wp-content\/uploads\/2025\/01\/thumbnail_IMG_4753-1024x872.jpg\" alt=\"\" class=\"wp-image-940\" srcset=\"https:\/\/reolons.ch\/wp-content\/uploads\/2025\/01\/thumbnail_IMG_4753-1024x872.jpg 1024w, https:\/\/reolons.ch\/wp-content\/uploads\/2025\/01\/thumbnail_IMG_4753-300x255.jpg 300w, https:\/\/reolons.ch\/wp-content\/uploads\/2025\/01\/thumbnail_IMG_4753-768x654.jpg 768w, https:\/\/reolons.ch\/wp-content\/uploads\/2025\/01\/thumbnail_IMG_4753.jpg 1280w\" sizes=\"auto, (max-width: 1024px) 100vw, 1024px\" \/><button\n\t\t\tclass=\"lightbox-trigger\"\n\t\t\ttype=\"button\"\n\t\t\taria-haspopup=\"dialog\"\n\t\t\taria-label=\"Vergr\u00f6\u00dfern\"\n\t\t\tdata-wp-init=\"callbacks.initTriggerButton\"\n\t\t\tdata-wp-on-async--click=\"actions.showLightbox\"\n\t\t\tdata-wp-style--right=\"state.imageButtonRight\"\n\t\t\tdata-wp-style--top=\"state.imageButtonTop\"\n\t\t>\n\t\t\t<svg xmlns=\"http:\/\/www.w3.org\/2000\/svg\" width=\"12\" height=\"12\" fill=\"none\" viewBox=\"0 0 12 12\">\n\t\t\t\t<path fill=\"#fff\" d=\"M2 0a2 2 0 0 0-2 2v2h1.5V2a.5.5 0 0 1 .5-.5h2V0H2Zm2 10.5H2a.5.5 0 0 1-.5-.5V8H0v2a2 2 0 0 0 2 2h2v-1.5ZM8 12v-1.5h2a.5.5 0 0 0 .5-.5V8H12v2a2 2 0 0 1-2 2H8Zm2-12a2 2 0 0 1 2 2v2h-1.5V2a.5.5 0 0 0-.5-.5H8V0h2Z\" \/>\n\t\t\t<\/svg>\n\t\t<\/button><\/figure>\n\n\n\n<figure data-wp-context=\"{&quot;imageId&quot;:&quot;69e7342dbbc3d&quot;}\" data-wp-interactive=\"core\/image\" class=\"wp-block-image size-large wp-lightbox-container\"><img loading=\"lazy\" decoding=\"async\" width=\"1024\" height=\"838\" data-wp-class--hide=\"state.isContentHidden\" data-wp-class--show=\"state.isContentVisible\" data-wp-init=\"callbacks.setButtonStyles\" data-wp-on-async--click=\"actions.showLightbox\" data-wp-on-async--load=\"callbacks.setButtonStyles\" data-wp-on-async-window--resize=\"callbacks.setButtonStyles\" src=\"http:\/\/reolons.ch\/wp-content\/uploads\/2019\/01\/DSC1835-1024x838.jpg\" alt=\"\" class=\"wp-image-323\" srcset=\"https:\/\/reolons.ch\/wp-content\/uploads\/2019\/01\/DSC1835-1024x838.jpg 1024w, https:\/\/reolons.ch\/wp-content\/uploads\/2019\/01\/DSC1835-300x246.jpg 300w, https:\/\/reolons.ch\/wp-content\/uploads\/2019\/01\/DSC1835-768x629.jpg 768w, https:\/\/reolons.ch\/wp-content\/uploads\/2019\/01\/DSC1835-73x60.jpg 73w\" sizes=\"auto, (max-width: 1024px) 100vw, 1024px\" \/><button\n\t\t\tclass=\"lightbox-trigger\"\n\t\t\ttype=\"button\"\n\t\t\taria-haspopup=\"dialog\"\n\t\t\taria-label=\"Vergr\u00f6\u00dfern\"\n\t\t\tdata-wp-init=\"callbacks.initTriggerButton\"\n\t\t\tdata-wp-on-async--click=\"actions.showLightbox\"\n\t\t\tdata-wp-style--right=\"state.imageButtonRight\"\n\t\t\tdata-wp-style--top=\"state.imageButtonTop\"\n\t\t>\n\t\t\t<svg xmlns=\"http:\/\/www.w3.org\/2000\/svg\" width=\"12\" height=\"12\" fill=\"none\" viewBox=\"0 0 12 12\">\n\t\t\t\t<path fill=\"#fff\" d=\"M2 0a2 2 0 0 0-2 2v2h1.5V2a.5.5 0 0 1 .5-.5h2V0H2Zm2 10.5H2a.5.5 0 0 1-.5-.5V8H0v2a2 2 0 0 0 2 2h2v-1.5ZM8 12v-1.5h2a.5.5 0 0 0 .5-.5V8H12v2a2 2 0 0 1-2 2H8Zm2-12a2 2 0 0 1 2 2v2h-1.5V2a.5.5 0 0 0-.5-.5H8V0h2Z\" \/>\n\t\t\t<\/svg>\n\t\t<\/button><\/figure>\n<\/div>\n\n\n\n<div class=\"wp-block-column is-layout-flow wp-block-column-is-layout-flow\">\n<p><strong>Cocci<\/strong>&#8211; Die kleine Umh\u00e4ngetasche ist ideal f\u00fcr deine unentbehrlichsten Dinge. <\/p>\n\n\n\n<ul class=\"wp-block-list\">\n<li>24cm x 16cm x 4 cm<\/li>\n<\/ul>\n<\/div>\n<\/div>\n\n\n\n<p><\/p>\n\n\n\n<p><strong>PUT<\/strong>&#8211; 219.-<\/p>\n\n\n\n<div class=\"wp-block-columns is-layout-flex wp-container-core-columns-is-layout-28f84493 wp-block-columns-is-layout-flex\">\n<div class=\"wp-block-column is-layout-flow wp-block-column-is-layout-flow\">\n<figure data-wp-context=\"{&quot;imageId&quot;:&quot;69e7342dbcbfe&quot;}\" data-wp-interactive=\"core\/image\" class=\"wp-block-image size-large wp-lightbox-container\"><img loading=\"lazy\" decoding=\"async\" width=\"1024\" height=\"983\" data-wp-class--hide=\"state.isContentHidden\" data-wp-class--show=\"state.isContentVisible\" data-wp-init=\"callbacks.setButtonStyles\" data-wp-on-async--click=\"actions.showLightbox\" data-wp-on-async--load=\"callbacks.setButtonStyles\" data-wp-on-async-window--resize=\"callbacks.setButtonStyles\" src=\"http:\/\/reolons.ch\/wp-content\/uploads\/2025\/01\/thumbnail_IMG_4750-1024x983.jpg\" alt=\"\" class=\"wp-image-939\" srcset=\"https:\/\/reolons.ch\/wp-content\/uploads\/2025\/01\/thumbnail_IMG_4750-1024x983.jpg 1024w, https:\/\/reolons.ch\/wp-content\/uploads\/2025\/01\/thumbnail_IMG_4750-300x288.jpg 300w, https:\/\/reolons.ch\/wp-content\/uploads\/2025\/01\/thumbnail_IMG_4750-768x737.jpg 768w, https:\/\/reolons.ch\/wp-content\/uploads\/2025\/01\/thumbnail_IMG_4750.jpg 1415w\" sizes=\"auto, (max-width: 1024px) 100vw, 1024px\" \/><button\n\t\t\tclass=\"lightbox-trigger\"\n\t\t\ttype=\"button\"\n\t\t\taria-haspopup=\"dialog\"\n\t\t\taria-label=\"Vergr\u00f6\u00dfern\"\n\t\t\tdata-wp-init=\"callbacks.initTriggerButton\"\n\t\t\tdata-wp-on-async--click=\"actions.showLightbox\"\n\t\t\tdata-wp-style--right=\"state.imageButtonRight\"\n\t\t\tdata-wp-style--top=\"state.imageButtonTop\"\n\t\t>\n\t\t\t<svg xmlns=\"http:\/\/www.w3.org\/2000\/svg\" width=\"12\" height=\"12\" fill=\"none\" viewBox=\"0 0 12 12\">\n\t\t\t\t<path fill=\"#fff\" d=\"M2 0a2 2 0 0 0-2 2v2h1.5V2a.5.5 0 0 1 .5-.5h2V0H2Zm2 10.5H2a.5.5 0 0 1-.5-.5V8H0v2a2 2 0 0 0 2 2h2v-1.5ZM8 12v-1.5h2a.5.5 0 0 0 .5-.5V8H12v2a2 2 0 0 1-2 2H8Zm2-12a2 2 0 0 1 2 2v2h-1.5V2a.5.5 0 0 0-.5-.5H8V0h2Z\" \/>\n\t\t\t<\/svg>\n\t\t<\/button><\/figure>\n\n\n\n<figure data-wp-context=\"{&quot;imageId&quot;:&quot;69e7342dbcf9d&quot;}\" data-wp-interactive=\"core\/image\" class=\"wp-block-image size-large wp-lightbox-container\"><img loading=\"lazy\" decoding=\"async\" width=\"1024\" height=\"986\" data-wp-class--hide=\"state.isContentHidden\" data-wp-class--show=\"state.isContentVisible\" data-wp-init=\"callbacks.setButtonStyles\" data-wp-on-async--click=\"actions.showLightbox\" data-wp-on-async--load=\"callbacks.setButtonStyles\" data-wp-on-async-window--resize=\"callbacks.setButtonStyles\" src=\"http:\/\/reolons.ch\/wp-content\/uploads\/2025\/01\/thumbnail_IMG_4740-1024x986.jpg\" alt=\"\" class=\"wp-image-938\" srcset=\"https:\/\/reolons.ch\/wp-content\/uploads\/2025\/01\/thumbnail_IMG_4740-1024x986.jpg 1024w, https:\/\/reolons.ch\/wp-content\/uploads\/2025\/01\/thumbnail_IMG_4740-300x289.jpg 300w, https:\/\/reolons.ch\/wp-content\/uploads\/2025\/01\/thumbnail_IMG_4740-768x739.jpg 768w, https:\/\/reolons.ch\/wp-content\/uploads\/2025\/01\/thumbnail_IMG_4740.jpg 1280w\" sizes=\"auto, (max-width: 1024px) 100vw, 1024px\" \/><button\n\t\t\tclass=\"lightbox-trigger\"\n\t\t\ttype=\"button\"\n\t\t\taria-haspopup=\"dialog\"\n\t\t\taria-label=\"Vergr\u00f6\u00dfern\"\n\t\t\tdata-wp-init=\"callbacks.initTriggerButton\"\n\t\t\tdata-wp-on-async--click=\"actions.showLightbox\"\n\t\t\tdata-wp-style--right=\"state.imageButtonRight\"\n\t\t\tdata-wp-style--top=\"state.imageButtonTop\"\n\t\t>\n\t\t\t<svg xmlns=\"http:\/\/www.w3.org\/2000\/svg\" width=\"12\" height=\"12\" fill=\"none\" viewBox=\"0 0 12 12\">\n\t\t\t\t<path fill=\"#fff\" d=\"M2 0a2 2 0 0 0-2 2v2h1.5V2a.5.5 0 0 1 .5-.5h2V0H2Zm2 10.5H2a.5.5 0 0 1-.5-.5V8H0v2a2 2 0 0 0 2 2h2v-1.5ZM8 12v-1.5h2a.5.5 0 0 0 .5-.5V8H12v2a2 2 0 0 1-2 2H8Zm2-12a2 2 0 0 1 2 2v2h-1.5V2a.5.5 0 0 0-.5-.5H8V0h2Z\" \/>\n\t\t\t<\/svg>\n\t\t<\/button><\/figure>\n<\/div>\n\n\n\n<div class=\"wp-block-column is-layout-flow wp-block-column-is-layout-flow\">\n<p><strong>Put<\/strong>&#8211; Das Fannypack- Platzwunder! 5dl PET ist kein Problem f\u00fcr PUT. Und auch alles andere, was du am Open-Air brauchst, verstaust du darin easy. Aus weichem oder dickem Leder erh\u00e4ltlich.<\/p>\n\n\n\n<ul class=\"wp-block-list\">\n<li>25cm x 12cm x 10cm<\/li>\n<\/ul>\n<\/div>\n<\/div>\n\n\n\n<p><\/p>\n\n\n\n<p><strong>FOLI<\/strong>&#8211; 219.-<\/p>\n\n\n\n<div class=\"wp-block-columns is-layout-flex wp-container-core-columns-is-layout-28f84493 wp-block-columns-is-layout-flex\">\n<div class=\"wp-block-column is-layout-flow wp-block-column-is-layout-flow\">\n<figure data-wp-context=\"{&quot;imageId&quot;:&quot;69e7342dbd52f&quot;}\" data-wp-interactive=\"core\/image\" class=\"wp-block-image size-large wp-lightbox-container\"><img loading=\"lazy\" decoding=\"async\" width=\"683\" height=\"1024\" data-wp-class--hide=\"state.isContentHidden\" data-wp-class--show=\"state.isContentVisible\" data-wp-init=\"callbacks.setButtonStyles\" data-wp-on-async--click=\"actions.showLightbox\" data-wp-on-async--load=\"callbacks.setButtonStyles\" data-wp-on-async-window--resize=\"callbacks.setButtonStyles\" src=\"http:\/\/reolons.ch\/wp-content\/uploads\/2021\/05\/DSC_0082-1-683x1024.jpg\" alt=\"\" class=\"wp-image-515\" srcset=\"https:\/\/reolons.ch\/wp-content\/uploads\/2021\/05\/DSC_0082-1-683x1024.jpg 683w, https:\/\/reolons.ch\/wp-content\/uploads\/2021\/05\/DSC_0082-1-200x300.jpg 200w, https:\/\/reolons.ch\/wp-content\/uploads\/2021\/05\/DSC_0082-1-768x1152.jpg 768w, https:\/\/reolons.ch\/wp-content\/uploads\/2021\/05\/DSC_0082-1-1024x1536.jpg 1024w, https:\/\/reolons.ch\/wp-content\/uploads\/2021\/05\/DSC_0082-1-1365x2048.jpg 1365w, https:\/\/reolons.ch\/wp-content\/uploads\/2021\/05\/DSC_0082-1-40x60.jpg 40w, https:\/\/reolons.ch\/wp-content\/uploads\/2021\/05\/DSC_0082-1-scaled.jpg 1707w\" sizes=\"auto, (max-width: 683px) 100vw, 683px\" \/><button\n\t\t\tclass=\"lightbox-trigger\"\n\t\t\ttype=\"button\"\n\t\t\taria-haspopup=\"dialog\"\n\t\t\taria-label=\"Vergr\u00f6\u00dfern\"\n\t\t\tdata-wp-init=\"callbacks.initTriggerButton\"\n\t\t\tdata-wp-on-async--click=\"actions.showLightbox\"\n\t\t\tdata-wp-style--right=\"state.imageButtonRight\"\n\t\t\tdata-wp-style--top=\"state.imageButtonTop\"\n\t\t>\n\t\t\t<svg xmlns=\"http:\/\/www.w3.org\/2000\/svg\" width=\"12\" height=\"12\" fill=\"none\" viewBox=\"0 0 12 12\">\n\t\t\t\t<path fill=\"#fff\" d=\"M2 0a2 2 0 0 0-2 2v2h1.5V2a.5.5 0 0 1 .5-.5h2V0H2Zm2 10.5H2a.5.5 0 0 1-.5-.5V8H0v2a2 2 0 0 0 2 2h2v-1.5ZM8 12v-1.5h2a.5.5 0 0 0 .5-.5V8H12v2a2 2 0 0 1-2 2H8Zm2-12a2 2 0 0 1 2 2v2h-1.5V2a.5.5 0 0 0-.5-.5H8V0h2Z\" \/>\n\t\t\t<\/svg>\n\t\t<\/button><\/figure>\n\n\n\n<figure data-wp-context=\"{&quot;imageId&quot;:&quot;69e7342dbd9a8&quot;}\" data-wp-interactive=\"core\/image\" class=\"wp-block-image size-large wp-lightbox-container\"><img loading=\"lazy\" decoding=\"async\" width=\"1024\" height=\"683\" data-wp-class--hide=\"state.isContentHidden\" data-wp-class--show=\"state.isContentVisible\" data-wp-init=\"callbacks.setButtonStyles\" data-wp-on-async--click=\"actions.showLightbox\" data-wp-on-async--load=\"callbacks.setButtonStyles\" data-wp-on-async-window--resize=\"callbacks.setButtonStyles\" src=\"http:\/\/reolons.ch\/wp-content\/uploads\/2021\/05\/DSC_0081-1024x683.jpg\" alt=\"\" class=\"wp-image-514\" srcset=\"https:\/\/reolons.ch\/wp-content\/uploads\/2021\/05\/DSC_0081-1024x683.jpg 1024w, https:\/\/reolons.ch\/wp-content\/uploads\/2021\/05\/DSC_0081-300x200.jpg 300w, https:\/\/reolons.ch\/wp-content\/uploads\/2021\/05\/DSC_0081-768x512.jpg 768w, https:\/\/reolons.ch\/wp-content\/uploads\/2021\/05\/DSC_0081-1536x1024.jpg 1536w, https:\/\/reolons.ch\/wp-content\/uploads\/2021\/05\/DSC_0081-2048x1365.jpg 2048w, https:\/\/reolons.ch\/wp-content\/uploads\/2021\/05\/DSC_0081-90x60.jpg 90w\" sizes=\"auto, (max-width: 1024px) 100vw, 1024px\" \/><button\n\t\t\tclass=\"lightbox-trigger\"\n\t\t\ttype=\"button\"\n\t\t\taria-haspopup=\"dialog\"\n\t\t\taria-label=\"Vergr\u00f6\u00dfern\"\n\t\t\tdata-wp-init=\"callbacks.initTriggerButton\"\n\t\t\tdata-wp-on-async--click=\"actions.showLightbox\"\n\t\t\tdata-wp-style--right=\"state.imageButtonRight\"\n\t\t\tdata-wp-style--top=\"state.imageButtonTop\"\n\t\t>\n\t\t\t<svg xmlns=\"http:\/\/www.w3.org\/2000\/svg\" width=\"12\" height=\"12\" fill=\"none\" viewBox=\"0 0 12 12\">\n\t\t\t\t<path fill=\"#fff\" d=\"M2 0a2 2 0 0 0-2 2v2h1.5V2a.5.5 0 0 1 .5-.5h2V0H2Zm2 10.5H2a.5.5 0 0 1-.5-.5V8H0v2a2 2 0 0 0 2 2h2v-1.5ZM8 12v-1.5h2a.5.5 0 0 0 .5-.5V8H12v2a2 2 0 0 1-2 2H8Zm2-12a2 2 0 0 1 2 2v2h-1.5V2a.5.5 0 0 0-.5-.5H8V0h2Z\" \/>\n\t\t\t<\/svg>\n\t\t<\/button><\/figure>\n<\/div>\n\n\n\n<div class=\"wp-block-column is-layout-flow wp-block-column-is-layout-flow\">\n<p><strong>Foli<\/strong>&#8211; Etwas Nostalgie gef\u00e4llig? Das T\u00e4schchen mit klassischen Schnappschl\u00f6ssern weckt Erinnerungen an fr\u00fchere Zeiten. Ob Thek oder Oma-Handtasche. Charme- Alarm! <\/p>\n\n\n\n<ul class=\"wp-block-list\">\n<li>mit flacher Innentasche<\/li>\n\n\n\n<li>aus eher dickerem Leder gefertigt<\/li>\n\n\n\n<li>20cm x 18cm x 5cm<\/li>\n<\/ul>\n<\/div>\n<\/div>\n\n\n\n<p><\/p>\n\n\n\n<p><strong>BABIN <\/strong>219.-<\/p>\n\n\n\n<div class=\"wp-block-columns is-layout-flex wp-container-core-columns-is-layout-28f84493 wp-block-columns-is-layout-flex\">\n<div class=\"wp-block-column is-layout-flow wp-block-column-is-layout-flow\">\n<div class=\"wp-block-columns is-layout-flex wp-container-core-columns-is-layout-28f84493 wp-block-columns-is-layout-flex\">\n<div class=\"wp-block-column is-layout-flow wp-block-column-is-layout-flow\">\n<figure data-wp-context=\"{&quot;imageId&quot;:&quot;69e7342dbe0ac&quot;}\" data-wp-interactive=\"core\/image\" class=\"wp-block-image size-large wp-lightbox-container\"><img loading=\"lazy\" decoding=\"async\" width=\"683\" height=\"1024\" data-wp-class--hide=\"state.isContentHidden\" data-wp-class--show=\"state.isContentVisible\" data-wp-init=\"callbacks.setButtonStyles\" data-wp-on-async--click=\"actions.showLightbox\" data-wp-on-async--load=\"callbacks.setButtonStyles\" data-wp-on-async-window--resize=\"callbacks.setButtonStyles\" src=\"http:\/\/reolons.ch\/wp-content\/uploads\/2021\/05\/DSC_0051-683x1024.jpg\" alt=\"\" class=\"wp-image-496\" srcset=\"https:\/\/reolons.ch\/wp-content\/uploads\/2021\/05\/DSC_0051-683x1024.jpg 683w, https:\/\/reolons.ch\/wp-content\/uploads\/2021\/05\/DSC_0051-200x300.jpg 200w, https:\/\/reolons.ch\/wp-content\/uploads\/2021\/05\/DSC_0051-768x1152.jpg 768w, https:\/\/reolons.ch\/wp-content\/uploads\/2021\/05\/DSC_0051-1024x1536.jpg 1024w, https:\/\/reolons.ch\/wp-content\/uploads\/2021\/05\/DSC_0051-1365x2048.jpg 1365w, https:\/\/reolons.ch\/wp-content\/uploads\/2021\/05\/DSC_0051-40x60.jpg 40w, https:\/\/reolons.ch\/wp-content\/uploads\/2021\/05\/DSC_0051-scaled.jpg 1707w\" sizes=\"auto, (max-width: 683px) 100vw, 683px\" \/><button\n\t\t\tclass=\"lightbox-trigger\"\n\t\t\ttype=\"button\"\n\t\t\taria-haspopup=\"dialog\"\n\t\t\taria-label=\"Vergr\u00f6\u00dfern\"\n\t\t\tdata-wp-init=\"callbacks.initTriggerButton\"\n\t\t\tdata-wp-on-async--click=\"actions.showLightbox\"\n\t\t\tdata-wp-style--right=\"state.imageButtonRight\"\n\t\t\tdata-wp-style--top=\"state.imageButtonTop\"\n\t\t>\n\t\t\t<svg xmlns=\"http:\/\/www.w3.org\/2000\/svg\" width=\"12\" height=\"12\" fill=\"none\" viewBox=\"0 0 12 12\">\n\t\t\t\t<path fill=\"#fff\" d=\"M2 0a2 2 0 0 0-2 2v2h1.5V2a.5.5 0 0 1 .5-.5h2V0H2Zm2 10.5H2a.5.5 0 0 1-.5-.5V8H0v2a2 2 0 0 0 2 2h2v-1.5ZM8 12v-1.5h2a.5.5 0 0 0 .5-.5V8H12v2a2 2 0 0 1-2 2H8Zm2-12a2 2 0 0 1 2 2v2h-1.5V2a.5.5 0 0 0-.5-.5H8V0h2Z\" \/>\n\t\t\t<\/svg>\n\t\t<\/button><\/figure>\n\n\n\n<figure data-wp-context=\"{&quot;imageId&quot;:&quot;69e7342dbe60c&quot;}\" data-wp-interactive=\"core\/image\" class=\"wp-block-image size-large wp-lightbox-container\"><img loading=\"lazy\" decoding=\"async\" width=\"1024\" height=\"633\" data-wp-class--hide=\"state.isContentHidden\" data-wp-class--show=\"state.isContentVisible\" data-wp-init=\"callbacks.setButtonStyles\" data-wp-on-async--click=\"actions.showLightbox\" data-wp-on-async--load=\"callbacks.setButtonStyles\" data-wp-on-async-window--resize=\"callbacks.setButtonStyles\" src=\"http:\/\/reolons.ch\/wp-content\/uploads\/2018\/10\/DSC0261-1024x633.jpg\" alt=\"\" class=\"wp-image-72\" srcset=\"https:\/\/reolons.ch\/wp-content\/uploads\/2018\/10\/DSC0261-1024x633.jpg 1024w, https:\/\/reolons.ch\/wp-content\/uploads\/2018\/10\/DSC0261-300x185.jpg 300w, https:\/\/reolons.ch\/wp-content\/uploads\/2018\/10\/DSC0261-768x475.jpg 768w, https:\/\/reolons.ch\/wp-content\/uploads\/2018\/10\/DSC0261-97x60.jpg 97w\" sizes=\"auto, (max-width: 1024px) 100vw, 1024px\" \/><button\n\t\t\tclass=\"lightbox-trigger\"\n\t\t\ttype=\"button\"\n\t\t\taria-haspopup=\"dialog\"\n\t\t\taria-label=\"Vergr\u00f6\u00dfern\"\n\t\t\tdata-wp-init=\"callbacks.initTriggerButton\"\n\t\t\tdata-wp-on-async--click=\"actions.showLightbox\"\n\t\t\tdata-wp-style--right=\"state.imageButtonRight\"\n\t\t\tdata-wp-style--top=\"state.imageButtonTop\"\n\t\t>\n\t\t\t<svg xmlns=\"http:\/\/www.w3.org\/2000\/svg\" width=\"12\" height=\"12\" fill=\"none\" viewBox=\"0 0 12 12\">\n\t\t\t\t<path fill=\"#fff\" d=\"M2 0a2 2 0 0 0-2 2v2h1.5V2a.5.5 0 0 1 .5-.5h2V0H2Zm2 10.5H2a.5.5 0 0 1-.5-.5V8H0v2a2 2 0 0 0 2 2h2v-1.5ZM8 12v-1.5h2a.5.5 0 0 0 .5-.5V8H12v2a2 2 0 0 1-2 2H8Zm2-12a2 2 0 0 1 2 2v2h-1.5V2a.5.5 0 0 0-.5-.5H8V0h2Z\" \/>\n\t\t\t<\/svg>\n\t\t<\/button><\/figure>\n<\/div>\n\n\n\n<div class=\"wp-block-column is-layout-flow wp-block-column-is-layout-flow\">\n<p><strong>Babin<\/strong>&#8211; Dance with me&#8230; die kleine Umh\u00e4ngetasche mit Reissverschluss kommt mit dir \u00fcberallhin. Ins B\u00fcro oder in den Club. <\/p>\n\n\n\n<ul class=\"wp-block-list\">\n<li>20cm x 17cm x 7cm<\/li>\n<\/ul>\n<\/div>\n<\/div>\n<\/div>\n<\/div>\n\n\n\n<p><strong>AATA<\/strong>&#8211; 219.-<\/p>\n\n\n\n<div class=\"wp-block-columns is-layout-flex wp-container-core-columns-is-layout-28f84493 wp-block-columns-is-layout-flex\">\n<div class=\"wp-block-column is-layout-flow wp-block-column-is-layout-flow\">\n<figure data-wp-context=\"{&quot;imageId&quot;:&quot;69e7342dbec1b&quot;}\" data-wp-interactive=\"core\/image\" class=\"wp-block-image size-large wp-lightbox-container\"><img loading=\"lazy\" decoding=\"async\" width=\"768\" height=\"1024\" data-wp-class--hide=\"state.isContentHidden\" data-wp-class--show=\"state.isContentVisible\" data-wp-init=\"callbacks.setButtonStyles\" data-wp-on-async--click=\"actions.showLightbox\" data-wp-on-async--load=\"callbacks.setButtonStyles\" data-wp-on-async-window--resize=\"callbacks.setButtonStyles\" src=\"http:\/\/reolons.ch\/wp-content\/uploads\/2025\/02\/aATA-edited-768x1024.jpg\" alt=\"\" class=\"wp-image-982\" srcset=\"https:\/\/reolons.ch\/wp-content\/uploads\/2025\/02\/aATA-edited-768x1023.jpg 768w, https:\/\/reolons.ch\/wp-content\/uploads\/2025\/02\/aATA-edited-225x300.jpg 225w, https:\/\/reolons.ch\/wp-content\/uploads\/2025\/02\/aATA-edited-1153x1536.jpg 1153w, https:\/\/reolons.ch\/wp-content\/uploads\/2025\/02\/aATA-edited-1537x2048.jpg 1537w, https:\/\/reolons.ch\/wp-content\/uploads\/2025\/02\/aATA-edited-scaled.jpg 1921w\" sizes=\"auto, (max-width: 768px) 100vw, 768px\" \/><button\n\t\t\tclass=\"lightbox-trigger\"\n\t\t\ttype=\"button\"\n\t\t\taria-haspopup=\"dialog\"\n\t\t\taria-label=\"Vergr\u00f6\u00dfern\"\n\t\t\tdata-wp-init=\"callbacks.initTriggerButton\"\n\t\t\tdata-wp-on-async--click=\"actions.showLightbox\"\n\t\t\tdata-wp-style--right=\"state.imageButtonRight\"\n\t\t\tdata-wp-style--top=\"state.imageButtonTop\"\n\t\t>\n\t\t\t<svg xmlns=\"http:\/\/www.w3.org\/2000\/svg\" width=\"12\" height=\"12\" fill=\"none\" viewBox=\"0 0 12 12\">\n\t\t\t\t<path fill=\"#fff\" d=\"M2 0a2 2 0 0 0-2 2v2h1.5V2a.5.5 0 0 1 .5-.5h2V0H2Zm2 10.5H2a.5.5 0 0 1-.5-.5V8H0v2a2 2 0 0 0 2 2h2v-1.5ZM8 12v-1.5h2a.5.5 0 0 0 .5-.5V8H12v2a2 2 0 0 1-2 2H8Zm2-12a2 2 0 0 1 2 2v2h-1.5V2a.5.5 0 0 0-.5-.5H8V0h2Z\" \/>\n\t\t\t<\/svg>\n\t\t<\/button><\/figure>\n\n\n\n<figure data-wp-context=\"{&quot;imageId&quot;:&quot;69e7342dbf09b&quot;}\" data-wp-interactive=\"core\/image\" class=\"wp-block-image size-large wp-lightbox-container\"><img loading=\"lazy\" decoding=\"async\" width=\"1024\" height=\"685\" data-wp-class--hide=\"state.isContentHidden\" data-wp-class--show=\"state.isContentVisible\" data-wp-init=\"callbacks.setButtonStyles\" data-wp-on-async--click=\"actions.showLightbox\" data-wp-on-async--load=\"callbacks.setButtonStyles\" data-wp-on-async-window--resize=\"callbacks.setButtonStyles\" src=\"http:\/\/reolons.ch\/wp-content\/uploads\/2018\/10\/DSC0157-1024x685.jpg\" alt=\"\" class=\"wp-image-29\" srcset=\"https:\/\/reolons.ch\/wp-content\/uploads\/2018\/10\/DSC0157-1024x685.jpg 1024w, https:\/\/reolons.ch\/wp-content\/uploads\/2018\/10\/DSC0157-300x201.jpg 300w, https:\/\/reolons.ch\/wp-content\/uploads\/2018\/10\/DSC0157-768x514.jpg 768w, https:\/\/reolons.ch\/wp-content\/uploads\/2018\/10\/DSC0157-90x60.jpg 90w\" sizes=\"auto, (max-width: 1024px) 100vw, 1024px\" \/><button\n\t\t\tclass=\"lightbox-trigger\"\n\t\t\ttype=\"button\"\n\t\t\taria-haspopup=\"dialog\"\n\t\t\taria-label=\"Vergr\u00f6\u00dfern\"\n\t\t\tdata-wp-init=\"callbacks.initTriggerButton\"\n\t\t\tdata-wp-on-async--click=\"actions.showLightbox\"\n\t\t\tdata-wp-style--right=\"state.imageButtonRight\"\n\t\t\tdata-wp-style--top=\"state.imageButtonTop\"\n\t\t>\n\t\t\t<svg xmlns=\"http:\/\/www.w3.org\/2000\/svg\" width=\"12\" height=\"12\" fill=\"none\" viewBox=\"0 0 12 12\">\n\t\t\t\t<path fill=\"#fff\" d=\"M2 0a2 2 0 0 0-2 2v2h1.5V2a.5.5 0 0 1 .5-.5h2V0H2Zm2 10.5H2a.5.5 0 0 1-.5-.5V8H0v2a2 2 0 0 0 2 2h2v-1.5ZM8 12v-1.5h2a.5.5 0 0 0 .5-.5V8H12v2a2 2 0 0 1-2 2H8Zm2-12a2 2 0 0 1 2 2v2h-1.5V2a.5.5 0 0 0-.5-.5H8V0h2Z\" \/>\n\t\t\t<\/svg>\n\t\t<\/button><\/figure>\n<\/div>\n\n\n\n<div class=\"wp-block-column is-layout-flow wp-block-column-is-layout-flow\">\n<p><strong>Aata <\/strong>ist Clutch, Umh\u00e4ngetasche oder Bauchtasche. Der herausnehmbare Riemen kann auch als Gurt verwendet werden. Sie hat ein flaches Innenfach, ideal f\u00fcrs Handy oder einsame Kreditk\u00e4rtchen. Aus eher dickerem Leder gefertigt.<\/p>\n\n\n\n<ul class=\"wp-block-list\">\n<li>25cm x 17cm x 3cm<\/li>\n\n\n\n<li>flaches Innenfach<\/li>\n<\/ul>\n<\/div>\n<\/div>\n\n\n\n<p><\/p>\n\n\n\n<p><strong>SHOPPER <\/strong>ab 380.-<\/p>\n\n\n\n<div class=\"wp-block-columns is-layout-flex wp-container-core-columns-is-layout-28f84493 wp-block-columns-is-layout-flex\">\n<div class=\"wp-block-column is-layout-flow wp-block-column-is-layout-flow\">\n<figure data-wp-context=\"{&quot;imageId&quot;:&quot;69e7342dbf784&quot;}\" data-wp-interactive=\"core\/image\" class=\"wp-block-image size-large wp-lightbox-container\"><img loading=\"lazy\" decoding=\"async\" width=\"690\" height=\"1024\" data-wp-class--hide=\"state.isContentHidden\" data-wp-class--show=\"state.isContentVisible\" data-wp-init=\"callbacks.setButtonStyles\" data-wp-on-async--click=\"actions.showLightbox\" data-wp-on-async--load=\"callbacks.setButtonStyles\" data-wp-on-async-window--resize=\"callbacks.setButtonStyles\" src=\"http:\/\/reolons.ch\/wp-content\/uploads\/2021\/05\/IMG_E3146-690x1024.jpg\" alt=\"\" class=\"wp-image-517\" srcset=\"https:\/\/reolons.ch\/wp-content\/uploads\/2021\/05\/IMG_E3146-690x1024.jpg 690w, https:\/\/reolons.ch\/wp-content\/uploads\/2021\/05\/IMG_E3146-202x300.jpg 202w, https:\/\/reolons.ch\/wp-content\/uploads\/2021\/05\/IMG_E3146-768x1140.jpg 768w, https:\/\/reolons.ch\/wp-content\/uploads\/2021\/05\/IMG_E3146-1035x1536.jpg 1035w, https:\/\/reolons.ch\/wp-content\/uploads\/2021\/05\/IMG_E3146-1380x2048.jpg 1380w, https:\/\/reolons.ch\/wp-content\/uploads\/2021\/05\/IMG_E3146-40x60.jpg 40w, https:\/\/reolons.ch\/wp-content\/uploads\/2021\/05\/IMG_E3146-scaled.jpg 1725w\" sizes=\"auto, (max-width: 690px) 100vw, 690px\" \/><button\n\t\t\tclass=\"lightbox-trigger\"\n\t\t\ttype=\"button\"\n\t\t\taria-haspopup=\"dialog\"\n\t\t\taria-label=\"Vergr\u00f6\u00dfern\"\n\t\t\tdata-wp-init=\"callbacks.initTriggerButton\"\n\t\t\tdata-wp-on-async--click=\"actions.showLightbox\"\n\t\t\tdata-wp-style--right=\"state.imageButtonRight\"\n\t\t\tdata-wp-style--top=\"state.imageButtonTop\"\n\t\t>\n\t\t\t<svg xmlns=\"http:\/\/www.w3.org\/2000\/svg\" width=\"12\" height=\"12\" fill=\"none\" viewBox=\"0 0 12 12\">\n\t\t\t\t<path fill=\"#fff\" d=\"M2 0a2 2 0 0 0-2 2v2h1.5V2a.5.5 0 0 1 .5-.5h2V0H2Zm2 10.5H2a.5.5 0 0 1-.5-.5V8H0v2a2 2 0 0 0 2 2h2v-1.5ZM8 12v-1.5h2a.5.5 0 0 0 .5-.5V8H12v2a2 2 0 0 1-2 2H8Zm2-12a2 2 0 0 1 2 2v2h-1.5V2a.5.5 0 0 0-.5-.5H8V0h2Z\" \/>\n\t\t\t<\/svg>\n\t\t<\/button><\/figure>\n<\/div>\n\n\n\n<div class=\"wp-block-column is-layout-flow wp-block-column-is-layout-flow\">\n<p>Diverse Shopper mache ich auf Anfrage. Der Preis variiert je nach Ausf\u00fchrung. Ab 380.- geht die N\u00e4herei los. <\/p>\n<\/div>\n<\/div>\n","protected":false},"excerpt":{"rendered":"<p>Eine Tasche definiert unseren Stil, wie sonst kaum ein Accessoire. Sie ist unsere t\u00e4gliche Begleiterin und bewahrt unsere wertvollsten Dinge f\u00fcr uns auf. Und wir tragen sie. Eine handgemachte Tasche aus wertigem Material ist einzigartig, bleibt lange sch\u00f6n und macht einfach Freude! Ich n\u00e4he die Taschen alle selber in meiner Werkstatt in Hettlingen bei Winterthur. [&hellip;]<\/p>\n","protected":false},"author":1,"featured_media":0,"parent":0,"menu_order":0,"comment_status":"closed","ping_status":"closed","template":"","meta":{"footnotes":""},"class_list":["post-978","page","type-page","status-publish","hentry"],"_links":{"self":[{"href":"https:\/\/reolons.ch\/index.php\/wp-json\/wp\/v2\/pages\/978","targetHints":{"allow":["GET"]}}],"collection":[{"href":"https:\/\/reolons.ch\/index.php\/wp-json\/wp\/v2\/pages"}],"about":[{"href":"https:\/\/reolons.ch\/index.php\/wp-json\/wp\/v2\/types\/page"}],"author":[{"embeddable":true,"href":"https:\/\/reolons.ch\/index.php\/wp-json\/wp\/v2\/users\/1"}],"replies":[{"embeddable":true,"href":"https:\/\/reolons.ch\/index.php\/wp-json\/wp\/v2\/comments?post=978"}],"version-history":[{"count":16,"href":"https:\/\/reolons.ch\/index.php\/wp-json\/wp\/v2\/pages\/978\/revisions"}],"predecessor-version":[{"id":1046,"href":"https:\/\/reolons.ch\/index.php\/wp-json\/wp\/v2\/pages\/978\/revisions\/1046"}],"wp:attachment":[{"href":"https:\/\/reolons.ch\/index.php\/wp-json\/wp\/v2\/media?parent=978"}],"curies":[{"name":"wp","href":"https:\/\/api.w.org\/{rel}","templated":true}]}}